y(o) = -15*o - 79. Calculate y(-5).
-4
Let b(s) = -2*s**3 + 45*s**2 - 20*s - 44. Give b(22).
0
Let q(a) = -a**3 - 10*a**2 - 11*a + 4. What is q(-8)?
-36
Let j(l) = -l**2 - 18*l + 18. Give j(-19).
-1
Let t(a) = -a**3 - 11*a**2 - 3*a - 23. What is t(-10)?
-93
Let d(k) = -k**3 - 15*k**2 + 34*k + 40. Determine d(-17).
40
Let u(c) = -6*c**3 - c**2 - c + 1. Give u(1).
-7
Let l(h) = 33*h**2 - 2*h + 2. Give l(1).
33
Let z(a) = -2*a**3 + 21*a**2 + 10*a + 10. Determine z(11).
-1
Let q(n) = -63*n + 1. Give q(-1).
64
Let s(n) = n**2 - 13*n + 36. Calculate s(14).
50
Let a(f) = f**3 - 25*f**2 + 113*f + 25. What is a(19)?
6
Let x(m) = 2*m**3 + 67*m**2 - 33*m + 53. What is x(-34)?
19
Let y(v) = -31*v - 195. Determine y(-6).
-9
Let v(o) = 5*o + 8. What is v(11)?
63
Let q(k) = 55*k - 4. What is q(-2)?
-114
Let b(w) = w**3 + 2*w**2 - 3*w + 11. Determine b(-4).
-9
Let w(y) = -y**3 - 3*y**2 + 6*y + 3. Determine w(-6).
75
Let g(n) = 4*n + 13. Give g(-11).
-31
Let t(v) = -v**3 + 23*v**2 + 25*v - 27. What is t(24)?
-3
Let z(r) = 34*r**2 + r + 1. Determine z(-1).
34
Let t(g) = 2*g - 7. Calculate t(8).
9
Let l(t) = 35*t**3 + t**2 - 8*t - 7. Calculate l(-1).
-33
Let i(w) = 2*w**2 - 2*w + 3. What is i(3)?
15
Let w(f) = -f**2 + 15*f - 19. Calculate w(11).
25
Let z(o) = 5*o + 35. Determine z(-7).
0
Let k(t) = -3*t + 1. Calculate k(2).
-5
Let y(q) = -2*q - 13. Calculate y(-10).
7
Let k(y) = -y**3 - 16*y**2 + y + 16. Determine k(-16).
0
Let h(f) = -2*f**2 - 6*f + 5. What is h(-5)?
-15
Let r(c) = -15*c**2 - c. Calculate r(-1).
-14
Let r(v) = 139*v + 543. Determine r(-4).
-13
Let h(x) = -43*x - 2104. Give h(-49).
3
Let y(m) = -m + 4. Determine y(6).
-2
Let g(l) = 3*l**3 - 13*l**2 + 5*l - 7. What is g(4)?
-3
Let w(h) = -2*h**3 - 27*h**2 - 11*h + 25. Calculate w(-13).
-1
Let h(n) = -3*n + 9. Give h(6).
-9
Let k(c) = -13*c + 479. Calculate k(36).
11
Let m(x) = -3*x**3 + 4*x**2 - 3*x + 1. Determine m(2).
-13
Let r(n) = 2*n**3 - 5*n**2 + 9*n - 16. What is r(4)?
68
Let y(l) = 24*l + 87. What is y(-3)?
15
Let h(o) = o + 14. Give h(-8).
6
Let j(t) = 19*t. Calculate j(1).
19
Let b(h) = h**3 - 41*h + 39. Determine b(6).
9
Let n(p) = -p**3 + 6*p**2 + 5*p. Give n(6).
30
Let w(c) = c**3 + 8*c**2 + 4*c + 7. Calculate w(-6).
55
Let r(l) = -l**3 - 21*l**2 - 19*l + 25. Calculate r(-20).
5
Let m(h) = -6*h - 38. Give m(-6).
-2
Let x(u) = -u**3 - 10*u**2 + 16*u + 5. Determine x(-11).
-50
Let x(u) = u - 55. Determine x(0).
-55
Let w(j) = -6*j + 31. What is w(2)?
19
Let o(b) = -b**3 + b**2 + b - 32. Give o(0).
-32
Let f(n) = -n**3 + 10*n**2 - 4*n - 8. Give f(10).
-48
Let c(q) = -3*q + 9. Calculate c(5).
-6
Let n(m) = -m**2 - 10*m - 21. Give n(-4).
3
Let h(g) = -g**2 + 7*g - 5. Calculate h(4).
7
Let a(z) = -z**2 - 4*z. What is a(-6)?
-12
Let r(h) = -2*h**3 + h**2 + 4. What is r(2)?
-8
Let i(k) = k**3 + 8*k**2 + 3*k + 1. What is i(-8)?
-23
Let m(k) = -6*k - 49. What is m(-14)?
35
Let k(n) = -3*n + 30. What is k(7)?
9
Let u(t) = 3*t**3 - t**2 + 5. Give u(2).
25
Let g(h) = -h**2 - 42*h - 168. Give g(-38).
-16
Let m(c) = -c**2 - c + 7. Give m(-6).
-23
Let u(q) = -4*q + 29. Determine u(7).
1
Let l(s) = s**3 - 20*s**2 - 25*s + 17. Give l(21).
-67
Let v(l) = -l**3 - 40*l**2 + 42*l + 40. Determine v(-41).
-1
Let j(p) = -10*p - 574. Give j(-57).
-4
Let z(j) = -j**3 + 6*j**2 + 2*j + 7. Calculate z(7).
-28
Let w(g) = -g + 31. Calculate w(26).
5
Let d(g) = -4*g**3 + 3*g**2 - 4*g + 3. What is d(2)?
-25
Let t(a) = 6*a**2 - 6*a + 2. Determine t(3).
38
Let c(i) = 14*i - 167. What is c(14)?
29
Let q(y) = y**2 + 14*y + 28. Calculate q(-11).
-5
Let g(s) = -s**2 - 9*s + 26. Determine g(-11).
4
Let r(g) = -g**3 - 3*g**2 - g. Calculate r(-1).
-1
Let c(p) = -4*p**2 + p. Determine c(1).
-3
Let g(w) = -15*w + 28. Calculate g(5).
-47
Let r(m) = 2*m**2 - 53*m + 35. Determine r(24).
-85
Let w(u) = -u**2 - 20*u + 52. Calculate w(-21).
31
Let f(y) = y**3 + 11*y**2 + 28*y + 18. Determine f(-8).
-14
Let d(k) = -23*k - 17. What is d(4)?
-109
Let s(w) = -w**3 - 12*w**2 - 13*w + 7. Calculate s(-8).
-145
Let p(f) = -2*f - 35. Calculate p(9).
-53
Let l(r) = r**3 + 5*r**2 - 2*r + 4. What is l(-4)?
28
Let w(z) = -2*z**2 - 11*z. What is w(-5)?
5
Let h(f) = -3*f**3 + 2*f**2 + 3*f - 4. Calculate h(3).
-58
Let z(n) = -n - 1. What is z(-12)?
11
Let x(w) = w**2 + 12*w - 18. Give x(-13).
-5
Let y(j) = -j**3 + 13*j**2 - 27*j - 38. What is y(9)?
43
Let n(b) = b - 2. Give n(2).
0
Let m(b) = -b - 16. Give m(-12).
-4
Let i(j) = 2*j - 24. Give i(4).
-16
Let m(w) = -12*w + 15. Calculate m(-1).
27
Let h(k) = k + 2. Determine h(5).
7
Let i(g) = g**2 + 7*g - 57. Give i(5).
3
Let l(c) = 2*c**3 + c**2 + c - 2. Determine l(1).
2
Let l(s) = s - 4. What is l(-2)?
-6
Let f(x) = x**3 - 6*x + 28. Give f(0).
28
Let r(m) = -m**3 + m**2 + 21*m + 5. Calculate r(5).
10
Let n(j) = 2*j - 13. Calculate n(17).
21
Let n(h) = 13*h - 2. Determine n(2).
24
Let o(k) = k. Give o(-6).
-6
Let x(n) = -n**3 - 1. Give x(-1).
0
Let w(m) = -2*m**3 + 16*m**2 + m - 18. What is w(8)?
-10
Let n(r) = r**3 - 2*r**2 + r - 3. Determine n(2).
-1
Let t(o) = 25*o**2 - 4*o + 3. Give t(2).
95
Let v(u) = 2*u**2 + 8*u - 17. Give v(-6).
7
Let b(j) = 4*j - 2. What is b(-4)?
-18
Let u(x) = -x**2 - 3*x + 48. Give u(-8).
8
Let z(r) = r**2 - 3*r - 1. Determine z(4).
3
Let n(f) = 16*f - 85. Calculate n(5).
-5
Let k(f) = -29*f + 120. Give k(4).
4
Let q(p) = 58*p + 11. Give q(-1).
-47
Let w(v) = 52*v + 1774. Give w(-34).
6
Let i(h) = 10*h + 15. Give i(-2).
-5
Let l(j) = -j**3 - 4*j**2 - 2*j + 17. Calculate l(0).
17
Let z(a) = 6*a**2 + 41*a + 11. Determine z(-7).
18
Let q(s) = s**3 - 10*s**2 + 10*s + 1. Give q(9).
10
Let z(j) = -9*j**2 - 4*j - 5. Calculate z(-5).
-210
Let t(r) = -r - 4. What is t(-12)?
8
Let x(u) = -u - 8. What is x(7)?
-15
Let m(k) = 4*k - 12. Calculate m(5).
8
Let y(n) = n**2 - 9*n + 17. Determine y(6).
-1
Let a(o) = -3*o**2 - 21*o - 2. Give a(-7).
-2
Let n(h) = 8*h - 105. Calculate n(13).
-1
Let o(a) = 7*a + 65. Give o(-18).
-61
Let x(c) = -c**3 - 3*c**2 + c - 4. What is x(-3)?
-7
Let d(x) = -x**3 - 10*x**2 + 3*x + 24. Give d(-10).
-6
Let i(s) = 2*s**2 - 15*s. Determine i(6).
-18
Let q(v) = 2*v**2 - 61*v + 124. Calculate q(28).
-16
Let g(c) = c**3 - 14*c**2 + 15*c + 17. Calculate g(13).
43
Let n(b) = b**2 - 9*b + 18. Calculate n(5).
-2
Let c(o) = -o - 6. Determine c(-12).
6
Let r(g) = -g**3 + 12*g**2 + 14*g + 18. Give r(13).
31
Let p(g) = g**3 + 12*g**2 - g - 7. Give p(-12).
5
Let j(f) = -205*f - 411. Give j(-2).
-1
Let a(v) = -v**2 - 47*v - 83. Give a(-45).
7
Let i(d) = -7*d - 33. What is i(-5)?
2
Let d(i) = 5*i**2 + 3*i - 10. Calculate d(-3).
26
Let m(n) = -4*n + 75. Determine m(20).
-5
Let c(x) = -x. Determine c(-4).
4
Let w(o) = 70*o + 270. What is w(-4)?
-10
Let s(c) = 3*c + 15. Give s(-10).
-15
Let x(t) = 3*t + 6. Calculate x(-9).
-21
Let z(n) = -3*n**3 + 8*n**2 - 6*n + 6. Determine z(2).
2
Let z(y) = -7*y - 65. Calculate z(-19).
68
Let u(t) = -13*t - 116. Calculate u(-9).
1
Let w(u) = 3*u**3 - 4*u**2 + u + 2. Calculate w(4).
134
Let u(j) = j**3 + 19*j**2 - 18*j + 13. Determine u(-20).
-27
Let o(k) = k**2 + 26*k + 1. Determine o(-22).
-87
Let r(j) = j**2 - 2*j + 68. Determine r(0).
68
Let a(u) = 2*u**2 + 8*u - 15. Give a(4).
49
Let b(f) = -3*f**3 + f**2 + 7*f - 8. What is b(3)?
-59
Let i(f) = -f**2 + 6*f + 11. Determine i(10).
-29
Let i(h) = -3*h - 11. Calculate i(-3).
-2
Let w(c) = 6*c**3 - 15*c**2 - 3*c + 1. Calculate w(3).
19
Let f(o) = -o**3 + 5*o**2 + 7. Give f(5).
7
Let w(s) = -s**2 + 8*s + 89. Calculate w(-7).
-16
Let r(s) = -s**3 - 16*s**2 + 18*s + 6. What is r(-17)?
-11
Let a(w) = -2*w + 17. Calculate a(12).
-7
Let o(a) = 78*a + 1. Give o(-1).
-77
Let d(j) = j**3 + 8*j**2 + 9*j + 8. Determine d(-7).
-6
Let q(i) = 4*i - 31. What is q(9)?
5
Let d(w) = -w**3 - 8*w**2 - 10*w + 2. What is d(-7)?
23
Let l(y) = -y**2 - 8*y - 9. Give l(-4).
7
Let v(z) = -z + 46. Give v(42).
4
Let b(k) = -k**2 + 4*k - 1. Calculate b(5).
-6
Let w(l) = -l**3 + 3*l**2 + 8*l - 12. Calculate w(6).
-72
Let j(c) = 9*c**2 - 60*c - 7. Give j(7).
14
Let j(n) = n**3 + 5*n**2 + 2*n - 2. Calculate j(-4).
6
Let s(f) = f**3 + 26*f**2 + 3*f + 15. Calculate s(-26).
-63
Let m(l) = l**3 - 40*l**2 + 38*l + 38. Determine m(39).
-1
Let c(j) = -23*j - 2. Calculate c(-1).
21
Let k(b) = -b**2 - b + 1. Calculate k(-2).
